{"id":256,"date":"2011-07-24T18:51:10","date_gmt":"2011-07-24T16:51:10","guid":{"rendered":"http:\/\/horstt.de\/?page_id=256"},"modified":"2016-11-28T10:46:33","modified_gmt":"2016-11-28T09:46:33","slug":"mitglieder","status":"publish","type":"page","link":"https:\/\/horstt.de\/?page_id=256","title":{"rendered":"Mitglieder"},"content":{"rendered":"<p>Hier ist zu sehen, wer es geschafft hat, wer es zu etwas gebracht hat und wer etwas bedeutet. Die Listen von Forbes und Times Magazine waren gestern. In die Horsst Zett Gruppe kann man nur in einem h\u00f6chst komplexen Verfahren berufen werden. Siehe hier- <a title=\"Mitglied werden\" href=\"http:\/\/horstt.de\/?p=259\" target=\"_blank\">Mitglied werden<\/a> (Link \u00f6ffnet in einem eigenen Fenster).<\/p>\n<h2 id=\"tablepress-1-name\" class=\"tablepress-table-name tablepress-table-name-id-1\">Mitgliedliste<\/h2>\n\n<table id=\"tablepress-1\" class=\"tablepress tablepress-id-1\" aria-labelledby=\"tablepress-1-name\" aria-describedby=\"tablepress-1-description\">\n<thead>\n<tr class=\"row-1\">\n\t<th class=\"column-1\">Mitgliednr.<\/th><th class=\"column-2\">offizieller Name<\/th><th class=\"column-3\">Funktion\/ Status<\/th><td class=\"column-4\"><\/td>\n<\/tr>\n<\/thead>\n<tbody class=\"row-striping row-hover\">\n<tr class=\"row-2\">\n\t<td class=\"column-1\">1<\/td><td class=\"column-2\">(reserviert)<\/td><td class=\"column-3\">Ehrenpr\u00e4sident, Namensgeber<\/td><td class=\"column-4\"><\/td>\n<\/tr>\n<tr class=\"row-3\">\n\t<td class=\"column-1\">2<\/td><td class=\"column-2\">Dr. H. C.<\/td><td class=\"column-3\">Vorstandsvorsitzender auf Lebenszeit<\/td><td class=\"column-4\"><\/td>\n<\/tr>\n<tr class=\"row-4\">\n\t<td class=\"column-1\">2<\/td><td class=\"column-2\">Horstt van der Horstt<\/td><td class=\"column-3\">VollHorstt und Vorstandsvorsitzender auf Lebenszeit<\/td><td class=\"column-4\"><\/td>\n<\/tr>\n<tr class=\"row-5\">\n\t<td class=\"column-1\">4<\/td><td class=\"column-2\">\u00c4ltestenrat<\/td><td class=\"column-3\">Aufsichtsrat, Weisheit; ziert sich<\/td><td class=\"column-4\"><\/td>\n<\/tr>\n<tr class=\"row-6\">\n\t<td class=\"column-1\">5<\/td><td class=\"column-2\">EuroHorstt<\/td><td class=\"column-3\">Schatzmeister<\/td><td class=\"column-4\"><\/td>\n<\/tr>\n<tr class=\"row-7\">\n\t<td class=\"column-1\">6<\/td><td class=\"column-2\">FliegerHorstt<\/td><td class=\"column-3\">Wemser- ich<\/td><td class=\"column-4\"><\/td>\n<\/tr>\n<tr class=\"row-8\">\n\t<td class=\"column-1\">7<\/td><td class=\"column-2\">PresseHorstt<\/td><td class=\"column-3\">Pressesprecher, stellvertretender Leiter Marketingabteilung<\/td><td class=\"column-4\"><\/td>\n<\/tr>\n<tr class=\"row-9\">\n\t<td class=\"column-1\">9<\/td><td class=\"column-2\">HorsttRat<\/td><td class=\"column-3\">Aufsichtsbeirat und Leiter der Marketingabteilung<\/td><td class=\"column-4\"><\/td>\n<\/tr>\n<tr class=\"row-10\">\n\t<td class=\"column-1\">9,7<\/td><td class=\"column-2\">Hubert Gitarrenverst\u00e4rker<\/td><td class=\"column-3\">Marshall<\/td><td class=\"column-4\"><\/td>\n<\/tr>\n<tr class=\"row-11\">\n\t<td class=\"column-1\">10<\/td><td class=\"column-2\">Regelhorstt von Hinthen<\/td><td class=\"column-3\">Leiter der Abteilung f\u00fcr Regelkunde, Score- Verwalter<\/td><td class=\"column-4\"><\/td>\n<\/tr>\n<tr class=\"row-12\">\n\t<td class=\"column-1\">11<\/td><td class=\"column-2\">Horstt011<\/td><td class=\"column-3\">Sicherheitschef und Alleinvertreter der Au\u00dfenstelle Wiesbaden<\/td><td class=\"column-4\"><\/td>\n<\/tr>\n<tr class=\"row-13\">\n\t<td class=\"column-1\">12<\/td><td class=\"column-2\">HarttHorstt<\/td><td class=\"column-3\">Frauenbeauftragter<\/td><td class=\"column-4\"><\/td>\n<\/tr>\n<tr class=\"row-14\">\n\t<td class=\"column-1\">13<\/td><td class=\"column-2\">NeuroHorstt<\/td><td class=\"column-3\">Mentaltrainer<\/td><td class=\"column-4\"><\/td>\n<\/tr>\n<tr class=\"row-15\">\n\t<td class=\"column-1\">14<\/td><td class=\"column-2\">HorsttLinks<\/td><td class=\"column-3\">Minderheitenbeauftragter<\/td><td class=\"column-4\"><\/td>\n<\/tr>\n<tr class=\"row-16\">\n\t<td class=\"column-1\">15<\/td><td class=\"column-2\">RocketHorstt<\/td><td class=\"column-3\">Spezialgebiet RocketBallz<\/td><td class=\"column-4\"><\/td>\n<\/tr>\n<tr class=\"row-17\">\n\t<td class=\"column-1\">16<\/td><td class=\"column-2\">NoHorstt<\/td><td class=\"column-3\">Leiter Catering Gesamtgruppe<\/td><td class=\"column-4\"><\/td>\n<\/tr>\n<tr class=\"row-18\">\n\t<td class=\"column-1\">17<\/td><td class=\"column-2\">DermaHorstt<\/td><td class=\"column-3\">Reklamationsabteilung<\/td><td class=\"column-4\"><\/td>\n<\/tr>\n<tr class=\"row-19\">\n\t<td class=\"column-1\">18<\/td><td class=\"column-2\">SchreibHorstt<\/td><td class=\"column-3\">Presseattach\u00e9, Horstt Zett Gruppe Vechta, Sektion Molbergen<\/td><td class=\"column-4\"><\/td>\n<\/tr>\n<tr class=\"row-20\">\n\t<td class=\"column-1\">19<\/td><td class=\"column-2\">Au\u00dfenHorstt<\/td><td class=\"column-3\">Gebietsleiter f\u00fcr alle unterversorgten Regionen, Horstt Zett Gruppe Vechta, Sektion Molbergen<\/td><td class=\"column-4\"><\/td>\n<\/tr>\n<tr class=\"row-21\">\n\t<td class=\"column-1\">20<\/td><td class=\"column-2\">KlimaHorstt<\/td><td class=\"column-3\">Leiter des Metereologischen Dienstes<\/td><td class=\"column-4\"><\/td>\n<\/tr>\n<tr class=\"row-22\">\n\t<td class=\"column-1\">21<\/td><td class=\"column-2\">WasserHorstt<\/td><td class=\"column-3\">zust\u00e4ndig f\u00fcr spektakul\u00e4re Unterwasserschl\u00e4ge<\/td><td class=\"column-4\"><\/td>\n<\/tr>\n<tr class=\"row-23\">\n\t<td class=\"column-1\">22<\/td><td class=\"column-2\">SchumaduHorstt<\/td><td class=\"column-3\">Patentrecht und Durchwink-Bevollm\u00e4chtigter (volle Befugnisse); Schumadu -  \"Schutz unserer Merchandising- Artikel und Durchwinken\"<\/td><td class=\"column-4\"><\/td>\n<\/tr>\n<tr class=\"row-24\">\n\t<td class=\"column-1\">23<\/td><td class=\"column-2\">gHorstt<\/td><td class=\"column-3\">Referat f\u00fcr Randgruppen<\/td><td class=\"column-4\"><\/td>\n<\/tr>\n<tr class=\"row-25\">\n\t<td class=\"column-1\">24<\/td><td class=\"column-2\">iHorstt<\/td><td class=\"column-3\">Experte f\u00fcr Materialkunde<\/td><td class=\"column-4\"><\/td>\n<\/tr>\n<tr class=\"row-26\">\n\t<td class=\"column-1\">25<\/td><td class=\"column-2\">OrgaHorstt<\/td><td class=\"column-3\">Sektion K\u00f6ln. Organisation von Jahresversammlungen jeglicher Art. St\u00e4ndiger Assistent f\u00fcr HorsttRat im Aufsichtsrat.<\/td><td class=\"column-4\"><\/td>\n<\/tr>\n<tr class=\"row-27\">\n\t<td class=\"column-1\">26<\/td><td class=\"column-2\">ZZHorstt<\/td><td class=\"column-3\">Zahnzieh- Horstt: Counterpart zu Mentaltrainer. \u00dcbermotivierten wird jeder Zahn gezogen.<\/td><td class=\"column-4\"><\/td>\n<\/tr>\n<\/tbody>\n<\/table>\n<span id=\"tablepress-1-description\" class=\"tablepress-table-description tablepress-table-description-id-1\">Mitglieder der Horstt Zett Gruppe, Stand: 05.06.2017<br \/>\nS\u00e4mtliche F\u00fchrungspositionen und \u00c4mter sind dem Vorstand untergeordnet.<\/span>\n<!-- #tablepress-1 from cache -->\n","protected":false},"excerpt":{"rendered":"<p>Hier ist zu sehen, wer es geschafft hat, wer es zu etwas gebracht hat und wer etwas bedeutet. Die Listen von Forbes und Times Magazine waren gestern. In die Horsst Zett Gruppe kann man nur in einem h\u00f6chst komplexen Verfahren berufen werden. Siehe hier- Mitglied werden (Link \u00f6ffnet in einem eigenen Fenster).<\/p>\n","protected":false},"author":2,"featured_media":0,"parent":0,"menu_order":0,"comment_status":"open","ping_status":"open","template":"","meta":{"generate_page_header":"","footnotes":""},"class_list":["post-256","page","type-page","status-publish"],"_links":{"self":[{"href":"https:\/\/horstt.de\/index.php?rest_route=\/wp\/v2\/pages\/256","targetHints":{"allow":["GET"]}}],"collection":[{"href":"https:\/\/horstt.de\/index.php?rest_route=\/wp\/v2\/pages"}],"about":[{"href":"https:\/\/horstt.de\/index.php?rest_route=\/wp\/v2\/types\/page"}],"author":[{"embeddable":true,"href":"https:\/\/horstt.de\/index.php?rest_route=\/wp\/v2\/users\/2"}],"replies":[{"embeddable":true,"href":"https:\/\/horstt.de\/index.php?rest_route=%2Fwp%2Fv2%2Fcomments&post=256"}],"version-history":[{"count":7,"href":"https:\/\/horstt.de\/index.php?rest_route=\/wp\/v2\/pages\/256\/revisions"}],"predecessor-version":[{"id":734,"href":"https:\/\/horstt.de\/index.php?rest_route=\/wp\/v2\/pages\/256\/revisions\/734"}],"wp:attachment":[{"href":"https:\/\/horstt.de\/index.php?rest_route=%2Fwp%2Fv2%2Fmedia&parent=256"}],"curies":[{"name":"wp","href":"https:\/\/api.w.org\/{rel}","templated":true}]}}