{"id":55,"date":"2011-04-03T09:15:02","date_gmt":"2011-04-03T07:15:02","guid":{"rendered":"http:\/\/horstt.de\/?page_id=55"},"modified":"2016-11-28T10:48:58","modified_gmt":"2016-11-28T09:48:58","slug":"satzung","status":"publish","type":"page","link":"https:\/\/horstt.de\/?page_id=55","title":{"rendered":"Satzung"},"content":{"rendered":"<p>Eine Mammutaufgabe! Offen gesagt- wir zweifeln daran, dass eine Satzung jemals als abgeschlossen angesehen werden kann. Die einzelnen Pragraphen greifen wie die Zahnr\u00e4der eines Chronometers ineinander. Wer m\u00f6chte schon das billige Imitat einer Rolex? Also: eine hochwertige Satzung ist unbezahlbar. Und wir m\u00fcssen <strong>jetzt<\/strong> diese als unl\u00f6sbar scheinende Aufgabe anpacken, damit wenigstens unsere Kindeskinder die Chance haben, davon etwas zu haben. Rom ist auch nicht an einem Tag erbaut worden.<\/p>\n<ul class=\"lcp_catlist\" id=\"lcp_instance_0\"><li><a href=\"https:\/\/horstt.de\/?p=297\">Gedenksekunden f\u00fcr gefallene Kameraden<\/a><\/li><li><a href=\"https:\/\/horstt.de\/?p=259\">Mitglied werden<\/a><\/li><li><a href=\"https:\/\/horstt.de\/?p=175\">Einspruchsverfahrensanweisungen beim Score<\/a><\/li><li><a href=\"https:\/\/horstt.de\/?p=183\">Trinkspruch<\/a><\/li><li><a href=\"https:\/\/horstt.de\/?p=181\">Gru\u00dfpflicht<\/a><\/li><li><a href=\"https:\/\/horstt.de\/?p=152\">Ehre<\/a><\/li><\/ul>\n","protected":false},"excerpt":{"rendered":"<p>Eine Mammutaufgabe! Offen gesagt- wir zweifeln daran, dass eine Satzung jemals als abgeschlossen angesehen werden kann. Die einzelnen Pragraphen greifen wie die Zahnr\u00e4der eines Chronometers ineinander. Wer m\u00f6chte schon das billige Imitat einer Rolex? Also: eine hochwertige Satzung ist unbezahlbar. Und wir m\u00fcssen jetzt diese als unl\u00f6sbar scheinende Aufgabe anpacken, damit wenigstens unsere Kindeskinder die &#8230; <a title=\"Satzung\" class=\"read-more\" href=\"https:\/\/horstt.de\/?page_id=55\" aria-label=\"Mehr Informationen \u00fcber Satzung\">Weiterlesen<\/a><\/p>\n","protected":false},"author":1,"featured_media":0,"parent":0,"menu_order":0,"comment_status":"open","ping_status":"open","template":"","meta":{"generate_page_header":"","footnotes":""},"class_list":["post-55","page","type-page","status-publish"],"_links":{"self":[{"href":"https:\/\/horstt.de\/index.php?rest_route=\/wp\/v2\/pages\/55","targetHints":{"allow":["GET"]}}],"collection":[{"href":"https:\/\/horstt.de\/index.php?rest_route=\/wp\/v2\/pages"}],"about":[{"href":"https:\/\/horstt.de\/index.php?rest_route=\/wp\/v2\/types\/page"}],"author":[{"embeddable":true,"href":"https:\/\/horstt.de\/index.php?rest_route=\/wp\/v2\/users\/1"}],"replies":[{"embeddable":true,"href":"https:\/\/horstt.de\/index.php?rest_route=%2Fwp%2Fv2%2Fcomments&post=55"}],"version-history":[{"count":5,"href":"https:\/\/horstt.de\/index.php?rest_route=\/wp\/v2\/pages\/55\/revisions"}],"predecessor-version":[{"id":738,"href":"https:\/\/horstt.de\/index.php?rest_route=\/wp\/v2\/pages\/55\/revisions\/738"}],"wp:attachment":[{"href":"https:\/\/horstt.de\/index.php?rest_route=%2Fwp%2Fv2%2Fmedia&parent=55"}],"curies":[{"name":"wp","href":"https:\/\/api.w.org\/{rel}","templated":true}]}}